late the highest common divisor of 127644 and 8844.
132
What is the greatest common divisor of 610335 and 33?
33
What is the greatest common factor of 65 and 838370?
65
What is the greatest common factor of 178 and 102350?
178
Calculate the greatest common divisor of 3953 and 1003.
59
What is the greatest common divisor of 451 and 32923?
451
What is the greatest common divisor of 26217 and 3240?
27
What is the highest common factor of 135 and 36495?
45
What is the greatest common divisor of 10 and 456150?
10
Calculate the greatest common factor of 56 and 519722.
14
What is the greatest common divisor of 4123 and 124?
31
Calculate the greatest common factor of 90814 and 34.
34
Calculate the greatest common factor of 812 and 4031.
29
Calculate the highest common divisor of 1395 and 249984.
279
Calculate the greatest common divisor of 5890 and 21390.
310
Calculate the greatest common divisor of 176950 and 1450.
50
Calculate the highest common factor of 110248 and 40.
8
What is the greatest common factor of 970 and 965?
5
What is the highest common factor of 99 and 1105209?
9
What is the greatest common divisor of 176122 and 214?
214
Calculate the highest common divisor of 1053323 and 97.
97
What is the greatest common factor of 11718 and 341?
31
What is the greatest common factor of 734093 and 47?
47
Calculate the greatest common factor of 834 and 3.
3
What is the highest common divisor of 1215 and 1807191?
243
Calculate the highest common divisor of 2346 and 12342.
102
Calculate the greatest common factor of 19530 and 67332.
186
What is the greatest common factor of 93 and 13529361?
93
Calculate the greatest common factor of 129086 and 152.
38
Calculate the highest common divisor of 12 and 3128964.
12
What is the greatest common divisor of 770 and 143?
11
What is the greatest common divisor of 5405 and 46?
23
What is the greatest common factor of 972 and 7884?
108
Calculate the highest common factor of 131206 and 13294.
578
What is the greatest common factor of 483461 and 22?
11
Calculate the highest common factor of 115 and 90110.
5
What is the greatest common factor of 492 and 1395968?
164
Calculate the highest common divisor of 8 and 2009432.
8
Calculate the greatest common factor of 28688 and 16.
16
Calculate the greatest common factor of 2208 and 733792.
736
Calculate the highest common divisor of 10268 and 476.
68
What is the highest common divisor of 19405 and 15?
5
Calculate the greatest common factor of 2867 and 47.
47
Calculate the highest common divisor of 7080295 and 295.
295
What is the greatest common factor of 4068 and 64?
4
What is the highest common divisor of 198475 and 51?
17
What is the greatest common factor of 7725 and 6525?
75
Calculate the greatest common factor of 258 and 190662.
258
What is the greatest common divisor of 1456 and 1772?
4
What is the greatest common divisor of 1551999 and 9116?
2279
Calculate the highest common factor of 12 and 139948.
4
Calculate the highest common divisor of 194516 and 14.
14
Calculate the greatest common divisor of 6258 and 4768.
298
What is the highest common divisor of 20165 and 87320?
185
What is the greatest common divisor of 30 and 353770?
10
What is the highest common factor of 6 and 4070?
2
Calculate the highest common divisor of 4844210 and 28.
14
What is the highest common factor of 1086827 and 238?
119
What is the highest common divisor of 507642 and 2928?
366
What is the highest common divisor of 40515 and 96360?
1095
What is the highest common divisor of 4271642 and 116?
58
Calculate the highest common divisor of 582 and 14744.
194
What is the highest common divisor of 627154 and 638?
638
Calculate the highest common factor of 90 and 1822.
2
What is the greatest common divisor of 6272 and 336532?
196
What is the highest common factor of 473 and 20207?
11
Calculate the highest common factor of 306569 and 3729.
113
Calculate the greatest common divisor of 128710 and 27755.
305
What is the highest common factor of 782094 and 24?
6
Calculate the highest common divisor of 31948 and 52920.
196
What is the highest common divisor of 438267 and 1668?
417
What is the greatest common factor of 4186 and 69?
23
Calculate the greatest common factor of 34908 and 60.
12
Calculate the greatest common factor of 454116 and 26.
26
Calculate the greatest common factor of 174 and 3567.
87
What is the highest common factor of 9782 and 657?
73
Calculate the greatest common factor of 2184 and 19188.
156
Calculate the highest common divisor of 11316 and 184.
92
What is the highest common factor of 172 and 599076?
172
Calculate the highest common divisor of 1403520 and 1935.
645
What is the highest common factor of 320 and 120?
40
What is the greatest common divisor of 20359278 and 9?
9
What is the greatest common divisor of 13794 and 114?
114
Calculate the greatest common factor of 580 and 166228.
116
Calculate the highest common factor of 546 and 6846.
42
What is the highest common divisor of 41 and 164533?
41
Calculate the highest common divisor of 124 and 23870.
62
What is the highest common divisor of 3355535 and 565?
565
Calculate the greatest common divisor of 803 and 4235.
11
What is the highest common factor of 3852 and 49434?
642
Calculate the highest common divisor of 430323 and 3.
3
What is the highest common factor of 9624 and 624?
24
What is the greatest common factor of 10794 and 3570?
42
Calculate the greatest common divisor of 80 and 84080.
80
Calculate the greatest common factor of 2786 and 15522.
398
What is the highest common divisor of 12762 and 3240?
18
Calculate the highest common divisor of 183 and 2714561.
61
What is the highest common divisor of 128 and 8368?
16
What is the highest common factor of 487000 and 125?
125
Calculate the greatest common divisor of 113229 and 621.
207
Calculate the highest common divisor of 2074 and 924.
2
Calculate the highest common divisor of 82730 and 10.
10
What is the greatest common factor of 196 and 40229?
49
What is the greatest common factor of 35410 and 15?
5
What is the highest common factor of 2954 and 13082?
422
Calculate the greatest common divisor of 218 and 202631.
109
What is the greatest common factor of 15858 and 9?
9
What is the highest common divisor of 539 and 1701161?
77
What is the greatest common factor of 3861583 and 33?
11
Calculate the greatest common factor of 1950 and 827775.
975
What is the highest common factor of 4716 and 1974956?
524
What is the highest common divisor of 984465 and 36?
9
Calculate the highest common divisor of 573 and 114027.
573
What is the greatest common divisor of 34200 and 330?
30
What is the greatest common divisor of 54 and 68346?
18
What is the greatest common divisor of 69362 and 140?
2
What is the greatest common divisor of 12631 and 181292?
743
Calculate the greatest common factor of 4796 and 29321.
109
What is the highest common divisor of 65 and 117338?
13
What is the greatest common divisor of 4556 and 2479?
67
Calculate the greatest common divisor of 42036 and 19436.
452
What is the highest common factor of 9837 and 963?
9
Calculate the greatest common divisor of 468225 and 300.
75
What is the highest common factor of 171965 and 211?
211
Calculate the greatest common divisor of 16 and 307984.
16
Calculate the greatest common divisor of 54 and 218619.
27
Calculate the greatest common factor of 350 and 222740.
70
What is the highest common factor of 519467 and 14179?
1289
Calculate the greatest common factor of 17114 and 1462.
86
What is the highest common divisor of 16208 and 40?
8
Calculate the highest common divisor of 315 and 5532870.
105
What is the greatest common factor of 25472 and 1952?
32
Calculate the highest common factor of 140 and 117285.
35
Calculate the highest common divisor of 279356 and 231.
77
What is the highest common divisor of 2766 and 10746?
6
What is the highest common divisor of 39 and 23187?
3
What is the greatest common divisor of 83514 and 372?
186
Calculate the greatest common divisor of 132640 and 10.
10
Calculate the greatest common divisor of 1 and 66763.
1
What is the greatest common divisor of 6372 and 1188?
108
Calculate the highest common divisor of 86768 and 7854.
374
What is the highest common factor of 186050 and 22570?
610
Calculate the 